n base 6, what is -40343 - 24?
-40411
In base 4, what is 10112 + -11323?
-1211
In base 8, what is -43114 + -41?
-43155
In base 6, what is -5 - -221040?
221031
In base 10, what is -2 + 7933?
7931
In base 15, what is -128 + 51?
-c7
In base 8, what is -5370 - -1?
-5367
In base 15, what is -1a - 2909?
-2924
In base 4, what is 10 + -31113120?
-31113110
In base 8, what is 103 - -30510?
30613
In base 15, what is -2 - 647?
-649
In base 14, what is -1 - 64a8?
-64a9
In base 7, what is -2 + 1310146?
1310144
In base 2, what is -101 - 1100110110011000110?
-1100110110011001011
In base 15, what is -3 - 62a82?
-62a85
In base 12, what is 6b292 + 2?
6b294
In base 16, what is bf04f - 0?
bf04f
In base 8, what is 11445 + -10?
11435
In base 3, what is 21 + -22120011212?
-22120011121
In base 11, what is -187365 + 3?
-187362
In base 10, what is 3535728 - -1?
3535729
In base 7, what is -2 + 34435?
34433
In base 9, what is -552 + 46?
-505
In base 15, what is -5 + 43dd?
43d8
In base 2, what is 1001 - -1101100000?
1101101001
In base 3, what is 1020011210 + 20212?
1020102122
In base 4, what is -102023 - -10?
-102013
In base 9, what is -5217211 + -2?
-5217213
In base 8, what is -65 + -203631?
-203716
In base 5, what is 10 + 42022422?
42022432
In base 11, what is -36a3 - -8?
-3696
In base 7, what is 6 - -2060621?
2060630
In base 9, what is -488143 + -3?
-488146
In base 14, what is -211 + 1b6?
-39
In base 13, what is 487 - -891?
1048
In base 12, what is -309 + 183b?
1532
In base 3, what is 12 + 100121?
100210
In base 15, what is -b - -8cdde?
8cdd3
In base 11, what is -5177 - 6?
-5182
In base 11, what is -96a2 - 5?
-96a7
In base 5, what is -1443 - -1022?
-421
In base 15, what is -2a0ac + -1?
-2a0ad
In base 12, what is -4411503 + -1?
-4411504
In base 14, what is -1 + -5c7bd?
-5c7c0
In base 7, what is -50 - 104323?
-104403
In base 3, what is 20 - -1001000?
1001020
In base 3, what is 101221 - -11?
102002
In base 15, what is -618 - -5a?
-5ad
In base 12, what is 26 + 45b?
485
In base 9, what is -83624 - -3?
-83621
In base 5, what is 3320433 - 10?
3320423
In base 15, what is -18 + 122a5?
1228c
In base 12, what is 2201 - -25?
2226
In base 15, what is -42c - a7?
-4d4
In base 14, what is 1 - 1b89?
-1b88
In base 4, what is 1302121 + 331?
1303112
In base 3, what is 20012010 + 12?
20012022
In base 9, what is -1488881 + 0?
-1488881
In base 7, what is -224452 + 161?
-224261
In base 8, what is -610130 - -1?
-610127
In base 3, what is -2201101 + -2202?
-2211010
In base 15, what is 125 + -bb?
59
In base 6, what is -3022435 - 1?
-3022440
In base 15, what is 9684 - 2?
9682
In base 2, what is 1111100 + 10110001101?
11000001001
In base 6, what is -204522 + 11?
-204511
In base 7, what is 133030 - 0?
133030
In base 3, what is -10112 - -221001111?
220220222
In base 14, what is 847 + 4a?
893
In base 5, what is -221243 + 333?
-220410
In base 13, what is 173 + 7?
17a
In base 2, what is 1 - 11100011011110001?
-11100011011110000
In base 11, what is 703938 - 0?
703938
In base 6, what is -5054 - 52?
-5150
In base 4, what is -1 - 12231321?
-12231322
In base 14, what is b214 + 0?
b214
In base 11, what is 0 - 28887?
-28887
In base 3, what is 102102 - -100212?
210021
In base 13, what is 11 - 34764?
-34753
In base 10, what is -49 + 1633?
1584
In base 14, what is -1ca - 40?
-22a
In base 13, what is -27a7 - -21c?
-2588
In base 15, what is -6a - 18eb?
-1966
In base 5, what is 1204 - 2001?
-242
In base 5, what is 4 + 2212324?
2212333
In base 9, what is -1123722 - 3?
-1123725
In base 7, what is -53345 - 4?
-53352
In base 7, what is -621 - 1445?
-2366
In base 16, what is -121 + 70?
-b1
In base 8, what is -454 + -222?
-676
In base 4, what is 3202 + 33311?
103113
In base 10, what is 6439 + 1?
6440
In base 9, what is 33 + 1606?
1640
In base 10, what is -370 + -2071?
-2441
In base 13, what is 3 - 3b995?
-3b992
In base 7, what is -22 - -1212?
1160
In base 10, what is 0 - 706742?
-706742
In base 7, what is -650642 + 1?
-650641
In base 16, what is f13f8 - -2?
f13fa
In base 2, what is -1111101101111 + 0?
-1111101101111
In base 10, what is -31 - -63135?
63104
In base 13, what is -1372 + c?
-1363
In base 16, what is -4c065 + 2?
-4c063
In base 4, what is -1022232 - 102?
-1023000
In base 12, what is 644 + 956?
139a
In base 10, what is 2 - 214655?
-214653
In base 9, what is 16 - 211764?
-211747
In base 12, what is 1 + -3064?
-3063
In base 7, what is 2404256 + 4?
2404263
In base 2, what is -1011 + 1001010100011?
1001010011000
In base 11, what is -734 + 95?
-64a
In base 13, what is -3004 - -54?
-2c80
In base 9, what is 8 - 16250?
-16241
In base 10, what is 14925 - 1?
14924
In base 6, what is -232350 - 102?
-232452
In base 5, what is 0 + 33404334?
33404334
In base 16, what is -51a73 - -2?
-51a71
In base 6, what is -155311 + -31?
-155342
In base 6, what is -3335 - -10?
-3325
In base 10, what is 9514 - -4?
9518
In base 10, what is -159 - 2061?
-2220
In base 5, what is 101122 - -10?
101132
In base 12, what is -125b8b - -4?
-125b87
In base 12, what is -3 - -79a1?
799a
In base 4, what is -131 + -212032?
-212223
In base 10, what is -16 - -7923?
7907
In base 14, what is -12 + -754?
-766
In base 16, what is -46 + -104?
-14a
In base 2, what is -1111100010100 + 1101?
-1111100000111
In base 3, what is -2 + 200211?
200202
In base 11, what is 416 + 769?
1084
In base 12, what is 52b5 - -2?
52b7
In base 5, what is -1014 - 1203?
-2222
In base 4, what is 23030 + -2001?
21023
In base 11, what is 36a - a50?
-691
In base 14, what is -1 - 328?
-329
In base 2, what is -1000011001011111000111 - -11?
-1000011001011111000100
In base 15, what is 3e - 3ac?
-36d
In base 5, what is 20230444 + 0?
20230444
In base 11, what is 3 + -77906?
-77903
In base 14, what is 153 + -191a?
-17a7
In base 3, what is 1121212001 - 121?
1121211110
In base 8, what is 1252530 - -5?
1252535
In base 12, what is -4828 + -50?
-4878
In base 11, what is -a537 + 52?
-a495
In base 9, what is 2752 + 5?
2757
In base 11, what is -115 - -1322?
1208
In base 15, what is 2ba465 - -4?
2ba469
In base 11, what is 3186 - -9?
3194
In base 16, what is -478 - 15a?
-5d2
In base 14, what is -1 - 4b98?
-4b99
In base 3, what is -121 - -2010021?
2002200
In base 6, what is -144 - -1202?
1014
In base 13, what is -5884b + 10?
-5883b
In base 10, what is 3 - 429082?
-429079
In base 4, what is -2121333231 - -3?
-2121333222
In base 8, what is -5 + 4612527?
4612522
In base 16, what is -1458e + 5?
-14589
In base 8, what is -47 + 77465?
77416
In base 4, what is -10030 - 31?
-10121
In base 11, what is 18a6 + -343?
1563
In base 4, what is 10 - -12130123?
12130133
In base 7, what is 11064 - 10?
11054
In base 7, what is 1 - 202213?
-202212
In base 7, what is 1 + 14435?
14436
In base 3, what is -1122122100 + 20200?
-1122101200
In base 5, what is 2410 + 2003?
4413
In base 8, what is -5 + 300474?
300467
In base 14, what is -4 + -2268?
-226c
In base 12, what is 166 + 8597?
8741
In base 2, what is -1 + -11110010110?
-11110010111
In base 5, what is -21244 - 1042?
-22341
In base 3, what is -22010102 - 111?
-22010220
In base 12, what is -14 - 1b08?
-1b20
In base 3, what is 100 + 2220221?
2221021
In base 8, what is 2 + 16074?
16076
In base 4, what is -2111101 - -33?
-2111002
In base 7, what is 15 + -444134?
-444116
In base 15, what is 5dd00 + -3?
5dcec
In base 9, what is -140 + -328?
-468
In base 3, what is -10002001 - -1?
-10002000
In base 11, what is 89562 - 5?
89558
In base 5, what is -1032 + -213141?
-214223
In base 9, what is 180 + -6025?
-5735
In base 11, what is 225 + 6a45?
716a
In base 13, what is -6 - 213969?
-213972
In base 3, what is 12 + 2200201012?
2200201101
In base 16, what is -2 + -9697?
-9699
In base 7, what is 121 + -40?
51
In base 14, what is -4 - -27418?
27414
In base 15, what is 2 - 3d0ec?
-3d0ea
In base 10, what is -4312 - -2?
-4310
In base 8, what is -167173 - 2?
-167175
In base 10, what is -314 - 1628?
-1942
In base 12, what is 3 + 7325?
7328
In base 13, what is 1c04b - 0?
1c04b
In base 5, what is -32 - -34322?
34240
In base 15, what is 3d - -5d8?
626
In base 8, what is 1173 - -212?
1405
In base 3, what is 10122122222 + 10?
10122200002
In base 10, what is 7 + 118?
125
In base 6, what is 4 - -1105114?
1105122
In base 14, what is -7 + -a23?
-a2a
In base 12, what is -4056 - -16?
-4040
In base 9, what is -2